 597. What is the hundreds digit of j?
1
Let w(q) = -q**2 + 5*q + 4. Let l be w(5). Let j = l + 1. Suppose 0*y = -j*y + 35. What is the units digit of y?
7
Let d(c) = c**2 + 4*c - 4. Let m be d(-4). Let q be -1*1 - (m - -4). What is the units digit of 6/(-3) + (q - -10)?
7
Let u be 29 - (-2 + 1/1). What is the tens digit of 342/u + 4/(-10)?
1
Let w = 8 + 135. What is the units digit of w?
3
Suppose -h = 2*w - 31, -3*h + 5*w + 77 = 3*w. What is the units digit of h?
7
Let l(w) = 3*w - 31. What is the units digit of l(13)?
8
What is the tens digit of ((-1)/1)/(12/48) + 280?
7
Let l be (-4)/(-14) - (-5)/7. Let s be (8/10)/(20/50). What is the units digit of s*(l - (-2)/(-4))?
1
Let x = 15 - -9. What is the tens digit of x?
2
Suppose 2*q = 7*q - 3*f + 8, 4*f = -16. Let d(z) = z + 0 + 1 - 2*z. What is the units digit of d(q)?
5
Suppose 0 = 6*n + 296 - 1172. What is the tens digit of n?
4
Let k(f) = f**2 - 5*f - 1. What is the units digit of k(8)?
3
What is the tens digit of (-18)/12*((-52)/(-6))/(-1)?
1
Suppose -99*z + 94*z + 445 = 0. What is the tens digit of z?
8
Let z(x) = x**3 - 6*x**2 - x + 2. Let y be z(6). Let r be ((-12)/(-9))/(y/(-18)). What is the units digit of (-6 - 1)*(5 - r)?
7
Let t(x) = -x**3 - 6*x**2 - 10*x - 5. What is the tens digit of t(-6)?
5
Let z(d) = -d**2 - 6*d - 7. Let x be z(-5). Let f be (-3 - -1) + (x - 0). What is the tens digit of 230/15 + f/(-6)?
1
Let t = 0 - -2. Suppose 3*s - 46 = -2*s + b, 4*b = t*s - 22. What is the units digit of s?
9
Let k be 9/15 + 171/15. Suppose 6 = m - 3*g, 0*m - 2*g - k = -2*m. What is the units digit of (4/m)/(2/24)?
8
Let h = -2 + 10. Suppose 0 = -0*p + 4*p - h. What is the units digit of p?
2
Suppose -5*j = 5*p - 40, -4*j - p = -31 - 1. Let f = -4 + j. Suppose 3*r + f = 10. What is the units digit of r?
2
Suppose -4*j + 14 = -2*j. Let z = j + 3. What is the units digit of z?
0
Let g be (2 + 9/(-6))*84. Suppose -4*k = -k - g. What is the units digit of k?
4
Suppose 2*z = -2*b + 44, 2*b = z - b - 34. What is the units digit of (-1 + z)/((-12)/(-8))?
6
What is the units digit of 15 + 0*1/(-4)?
5
Suppose 0 = -4*p + 7*p - 579. What is the units digit of p?
3
What is the units digit of (-3)/(-15) + (-968)/(-10)?
7
Let b(g) = g + 11. Let m be b(-7). Let i be 2/(-4)*-2 + m. Suppose -i*u + 0*u = -40. What is the units digit of u?
8
Let u(z) = z**3 + z**2 + z + 74. Let a be u(0). Suppose 4*h - a = 14. What is the units digit of h?
2
Let j be 10/25 - 26/(-10). Suppose q - 4*r + 12 - 39 = 0, -29 = -q + j*r. What is the tens digit of q?
3
Suppose 3 = i - 0. Let j = i + 14. What is the tens digit of j?
1
Suppose -11 = -5*a - 1. Suppose a*y = -y + 54. What is the units digit of y?
8
Let a = -14 - -26. Suppose a = 4*u - 248. Suppose u = 5*s - 5*w, 4*s - 5*w = -0*s + 54. What is the tens digit of s?
1
Let d(z) = 7*z + 4. What is the units digit of d(6)?
6
Suppose 4*b - 104 - 44 = -4*l, 5*b = 25. Let p be -1 + ((-12)/(-2) - -2). Suppose 3*v - p*v = -l. What is the units digit of v?
8
Suppose 2*i = 3*o + 5 - 3, 5*i + 3*o = -16. Let m be -1 - -1 - (2 + i). Suppose -4*j + m*j = -8. What is the units digit of j?
2
Let p be 2*(-4)/8 + 15. Suppose p = 2*r - 0*r. What is the units digit of r?
7
Let l(m) = -m**3 + 6*m**2 + m - 4. Let v be l(6). Let j = -1 - -1. Let w = v + j. What is the units digit of w?
2
Suppose 2*u + 0*n + 5*n - 66 = 0, 2*u + 3*n = 74. What is the tens digit of u?
4
Suppose -3*a + 10 - 7 = 0. What is the tens digit of -5 + 3 + 51 + a?
5
Suppose 3*d + 5*y = -5, 2*y + 0*y = -8. Suppose i = -4*r - r + 4, 0 = 3*r + d*i - 20. Suppose r*l + 3*l = 36. What is the tens digit of l?
1
Let o(p) be the third derivative of -2*p**2 + 0*p + 0 + 2/3*p**3 + 3/8*p**4 + 1/60*p**5. What is the tens digit of o(-10)?
1
Let k(r) = -r**3 + 18*r**2 + 11*r - 18. What is the units digit of k(18)?
0
Let c = -1 - -1. Suppose c = -5*b + 2*b + 4*j + 26, -b + 5*j + 5 = 0. What is the units digit of b?
0
Suppose -2*k - 2*x - 1 - 3 = 0, 3*x + 6 = 2*k. Suppose -4*t = f - 3 - 6, 4*f + t = 6. Suppose 0 = z - k*z - f. What is the units digit of z?
1
Let t = -8 - -6. Let p = 7 + t. What is the units digit of p?
5
Suppose -3*m - 57 = -492. What is the units digit of m?
5
Suppose 3*n = -0*n + 75. What is the tens digit of n?
2
Suppose -b - 37 = -0*b. Let y = b - -58. What is the tens digit of y?
2
Suppose 0 = -3*s - 0*s + 150. Let n = s + -33. What is the units digit of n?
7
Let v(l) = -9*l + 9. What is the tens digit of v(-6)?
6
Let h(n) = n**2 - 3*n + 2. Let g be h(2). Suppose g*r - 3*r - 18 = 0. What is the units digit of 6/9 - 44/r?
8
What is the units digit of (180/(-126))/((-1)/14)?
0
Let i = -9 - -18. Suppose 10*j = i*j + 8. What is the units digit of j?
8
Let k(z) = 3*z**2 - 4*z - 2. What is the units digit of k(5)?
3
Let q = -34 - -71. What is the tens digit of q?
3
What is the units digit of 137/3 + (-6)/9?
5
Suppose 3*b = -4*l + 288, 4*l + 29 - 417 = -4*b. What is the units digit of b?
0
Let k(l) be the first derivative of l**3/3 - 7*l**2/2 + 6*l + 2. What is the units digit of k(7)?
6
Suppose 4*c - 4*n = 136, c - 2*n + 3*n - 36 = 0. What is the units digit of c?
5
Let o(k) = k**2 + 6*k + 6. Let y be o(-5). Let d be 0 - y*1*-2. What is the units digit of 12/d*4/3?
8
Suppose -4*h + 2*k + 138 = 0, 10 = -5*h - 5*k + 160. What is the tens digit of h?
3
Let h(z) = 6*z**3. Let x be h(-1). Let m be (-28)/(-6) + x/(-18). Suppose 0 = o - m*o + 24. What is the units digit of o?
6
Let k(z) be the first derivative of -z**4/4 + 10*z**3/3 + 10*z - 2. What is the units digit of k(10)?
0
Let v = 1 - 0. Suppose -2*t - 3*i + 2 = v, 4*i = 4*t - 32. What is the units digit of t?
5
Suppose 3*a - 4 = 2. Let z(n) = n + n**3 + 1 - n**2 + n**2. What is the tens digit of z(a)?
1
Suppose 14*a + 6*a = 1220. What is the units digit of a?
1
Suppose -3*x + 4*p - 13 = -0*x, -12 = 4*x - 4*p. Let l(k) = -k**2 - 8*k + 4. Let o be l(-8). Suppose 3*j = o*j - x. What is the units digit of j?
1
Let v(k) = -2*k**2 - k + 5 + k**2 + 9. What is the units digit of v(0)?
4
Let v = -7 - -9. Suppose -x = 3*i - 0*x - 80, -5*x = -i. Suppose -7*d + v*d = -i. What is the units digit of d?
5
Suppose -12 = p - 4*p. Suppose -2*v + p*g + 12 = 0, -v + 5*g + 2 = -5*v. Suppose 15 = 2*m - s - v, 22 = m - 5*s. What is the units digit of m?
7
Suppose 20 = -u - 3*u, 5*w - 5 = -4*u. Suppose -3*b = 2*b - 35. Let q = b - w. What is the units digit of q?
2
Suppose 5*v - 55 = 65. Let p = v - -1. What is the tens digit of p?
2
Suppose 5*d - 1463 = -4*a, -d - 5*a + 10*a = -310. What is the hundreds digit of d?
2
Let o be 4*(-1 + 2)/1. Suppose -2*l + o*f = 2, -l - 15 = -6*l + 5*f. What is the units digit of l?
7
Let g(a) = a**3 + a**2 + 2*a - 1. Let u be g(2). Let m = u + 9. What is the units digit of m?
4
Let f(b) = -b**3 + 4*b**2 + b - 6. Let d(x) = -2*x**3 + 7*x**2 + 2*x - 11. Let a(m) = -6*d(m) + 11*f(m). What is the units digit of a(-2)?
2
Suppose 2*t = z + 100, 20 - 167 = -3*t + 3*z. What is the tens digit of t?
5
Let s(l) = -l**3 - 11*l**2 - 6*l + 5. Let b be s(-10). Let t = b - -49. Suppose -t = -3*p + 10. What is the units digit of p?
8
Let d = -8 + 12. Suppose 26 = 5*a - d*m, 2*a - 29 = -2*a - 5*m. Suppose -r - 40 = -a*r. What is the units digit of r?
8
Suppose 0*s + 2 = -s. Let a = s + 4. Let d(c) = 2*c - 2. What is the units digit of d(a)?
2
Let h = 14 + -8. Let d(j) = 8 - 1 + 4*j**3 + j - 5*j**3 + h*j**2. What is the tens digit of d(6)?
1
Let q be (-125 - -2)*(-2)/6. Let r = -20 + q. What is the tens digit of r?
2
Suppose 4*y + 0*y = 24. What is the units digit of 11/(y/(-2) + 4)?
1
Let y be 6/(-4)*(-42 - 2). Let x = y - 32. What is the tens digit of x?
3
Suppose 3*c + 2*h + 34 = -c, -15 = 2*c + 3*h. Let z(f) = f**2 + 8*f - 2. What is the units digit of z(c)?
7
Suppose -3*t = 2*l + 108, -l = -5*l. What is the tens digit of -3 + 5/((-10)/t)?
1
Let j(o) = 4*o**2 - 2*o - 6. Let q be j(-4). Let h = q + -42. What is the units digit of h?
4
Let i be (10/8)/(1/4). Let u(h) = -h**3 + 2*h**2 + i*h + 3*h**2 - 3*h**2 - 3. What is the units digit of u(3)?
3
Suppose 2*c - 1 - 21 = 0. Let a = -17 + c. Let g(w) = w + 8. What is the units digit of g(a)?
2
Suppose -4*j + 9*j = -200. Let t = -7 - j. What is the units digit of t?
3
What is the tens digit of ((-153)/(-4))/((-7)/(224/(-12)))?